{"id":389,"date":"2014-02-16T18:22:09","date_gmt":"2014-02-16T17:22:09","guid":{"rendered":"http:\/\/localhost:8888\/wordpress\/?page_id=389"},"modified":"2022-05-25T21:01:33","modified_gmt":"2022-05-25T20:01:33","slug":"cahiers-de-lassociation","status":"publish","type":"page","link":"https:\/\/patrimoinesdemartigny.ch\/wordpress\/publications\/cahiers-de-lassociation\/","title":{"rendered":"Bulletins de l&rsquo;association"},"content":{"rendered":"<p style=\"text-align: justify;\">Depuis 1977, notre association publie r\u00e9guli\u00e8rement des recherches sur diff\u00e9rents aspects patrimoniaux de Martigny. D\u2019abord intitul\u00e9s \u00ab\u00a0Bulletins du Vieux-Martigny\u00a0\u00bb, puis d\u00e8s 2001 \u00ab\u00a0Cahiers de Patrimoines de Martigny\u00a0\u00bb, les bulletins sont imprim\u00e9s au format 21 x 15 cm, puis 21 x 21 cm d\u00e8s 2000. Ils sont tous illustr\u00e9s.<br \/>\nTous les titres ci-dessous, \u00e0 l\u2019exception de ceux r\u00e9alis\u00e9s depuis 2011, sont num\u00e9ris\u00e9s. Ils sont disponibles sur <a href=\"http:\/\/doc.rero.ch\/?ln=fr\" target=\"_blank\" rel=\"noopener noreferrer\">RERO DOC<\/a><\/p>\n<p style=\"text-align: justify;\">Pour une version \u00e9crite des bulletins, \u00e9crire \u00e0 l&rsquo;aide du formulaire informatique ou \u00e0 l&rsquo;adresse suivante:<\/p>\n<p style=\"text-align: justify;\"><strong>Patrimoines de Martigny, case postale 1022, 1920 Martigny<\/strong><\/p>\n<p style=\"text-align: justify;\">Remarques: les bulletins N\u00b06 et 8 sont \u00e9puis\u00e9s.<\/p>\n<ul style=\"text-align: justify;\">\n<li><strong>N\u00b022 (2021) Marl\u00e8ne Hiroz et Jean-Charles Fellay (CREPA)<\/strong><span style=\"font-size: inherit;\">, 64 p.<\/span><\/li>\n<li><strong>N\u00b021 (2021)\u00a0<\/strong><span style=\"font-size: inherit;\">Le Verney, Christian Keim, 64 p.\u00a0<\/span><a style=\"font-size: inherit;\" href=\"https:\/\/patrimoinesdemartigny.ch\/wordpress\/wp-content\/uploads\/2022\/05\/Patrimoines_de_Martigny_Bulletin_21_WEB.pdf\" target=\"_blank\" rel=\"noopener noreferrer\">[lire]<\/a><\/li>\n<li><strong>N\u00b020 (2017)<\/strong> L\u2019orgue de Martigny, Edmond Voeffray, 40 p.\u00a0<a href=\"http:\/\/patrimoinesdemartigny.ch\/wordpress\/wp-content\/uploads\/2019\/02\/Bulletin20-Orgue.pdf\" target=\"_blank\" rel=\"noopener noreferrer\">[lire]<\/a><\/li>\n<li><strong>N\u00b019 (2015)<\/strong> Notice historique sur l\u2019alpage de Charavex, Roland Farquet, 44 p.\u00a0<a href=\"http:\/\/patrimoinesdemartigny.ch\/wordpress\/wp-content\/uploads\/2019\/02\/Bulletin19.pdf\" target=\"_blank\" rel=\"noopener noreferrer\">[lire]<\/a><\/li>\n<li><strong>N\u00b018 (2015)<\/strong> Variations sur les armoiries de Martigny, Roland Farquet, 22 p.\u00a0<a href=\"http:\/\/patrimoinesdemartigny.ch\/wordpress\/wp-content\/uploads\/2019\/02\/Bulletin18.pdf\" target=\"_blank\" rel=\"noopener noreferrer\">[lire]<\/a><\/li>\n<li><strong>N\u00b017 (2011)<\/strong> Le regard et l&rsquo;image : la r\u00e9gion de Martigny vue par les pionniers de la photographie, Roland Farquet, 60 p. <a href=\"http:\/\/patrimoinesdemartigny.ch\/wordpress\/wp-content\/uploads\/2015\/12\/Bulletin17-Regard-version-1_BDpdf.pdf\" target=\"_blank\" rel=\"noopener noreferrer\">[lire]<\/a><\/li>\n<li><strong>N\u00b016 (2011)<\/strong> De quelques roches utilis\u00e9es en construction \u00e0 Martigny, Daniel A. Kissling, 36 p. <a href=\"http:\/\/patrimoinesdemartigny.ch\/wordpress\/wp-content\/uploads\/2015\/12\/Bulletin16-Pierres.pdf\" target=\"_blank\" rel=\"noopener noreferrer\">[lire]<\/a><\/li>\n<li><strong>N\u00b015 (2007)<\/strong> Pour m\u00e9moire \u00e0 la post\u00e9rit\u00e9 : chronique des ann\u00e9es 1785-1790, Christine Payot et Roland Farquet, 24 p. <a href=\"http:\/\/doc.rero.ch\/record\/22166\/files\/BCV_N_1331_2007_15.pdf\" target=\"_blank\" rel=\"noopener noreferrer\">[lire]<\/a><\/li>\n<li><strong>N\u00b014 (2004)<\/strong> Les for\u00eats du Mont Chemin : un h\u00e9ritage en \u00e9volution, Roland Farquet et Roland M\u00e9tral, 24 p. <a href=\"http:\/\/doc.rero.ch\/record\/22163\/files\/BCV_N_1331_14.pdf\" target=\"_blank\" rel=\"noopener noreferrer\">[lire]<\/a><\/li>\n<li><strong>N\u00b013 (2003)<\/strong> Le fil du temps : un regard sur les archives de Martigny, Roland Farquet, 24 p. <a href=\"http:\/\/doc.rero.ch\/record\/22162\/files\/BCV_N_1331_13.pdf\" target=\"_blank\" rel=\"noopener noreferrer\">[lire]<\/a><\/li>\n<li><strong>N\u00b012 (2002)<\/strong> Aupr\u00e8s de nos arbres, Roland Farquet, 24 p. <a href=\"http:\/\/doc.rero.ch\/record\/22161\/files\/BCV_N_1331_12.pdf\" target=\"_blank\" rel=\"noopener noreferrer\">[lire]<\/a><\/li>\n<li><strong>N\u00b011 (2000)<\/strong> La Maison Yergen, Roland Farquet, 24 p. <a href=\"http:\/\/doc.rero.ch\/record\/22160\/files\/BCV_N_1331_11.pdf\" target=\"_blank\" rel=\"noopener noreferrer\">[lire]<\/a><\/li>\n<li><strong>N\u00b010 (1999)<\/strong> Aujourd\u2019hui, le patrimoine, J. P. Giuliani et Michel Clivaz, 18 p. <a href=\"http:\/\/doc.rero.ch\/record\/22164\/files\/BCV_N_1331_1999_10.pdf\" target=\"_blank\" rel=\"noopener noreferrer\">[lire]<\/a><\/li>\n<li><strong>N\u00b09 (1998)<\/strong> Les fontaines de Martigny, Christophe Bolli, 20 p. <a href=\"http:\/\/doc.rero.ch\/record\/22159\/files\/BCV_N_1331_9.pdf\" target=\"_blank\" rel=\"noopener noreferrer\">[lire]<\/a><\/li>\n<li><strong>N\u00b08 (1997)<\/strong> L\u2019H\u00f4tel National, J. P. Giuliani et C. Coppey, 16 p. <a href=\"http:\/\/doc.rero.ch\/record\/22158\/files\/BCV_N_1331_8.pdf\" target=\"_blank\" rel=\"noopener noreferrer\">[lire]<\/a><\/li>\n<li><strong>N\u00b07 (1995)<\/strong> Fran\u00e7ois-Casimir Besson et Martigny, Catherine Raemy-Berthod, 22 p. <a href=\"http:\/\/doc.rero.ch\/record\/22157\/files\/BCV_N_1331_7.pdf\" target=\"_blank\" rel=\"noopener noreferrer\">[lire]<\/a><\/li>\n<li><strong>N\u00b06 (1992)<\/strong> Autour de la Place Centrale, Ga\u00ebtan Cassina, 20 p. <a href=\"http:\/\/doc.rero.ch\/record\/22156\/files\/BCV_N_1331_6.pdf\" target=\"_blank\" rel=\"noopener noreferrer\">[lire]<\/a><\/li>\n<li><strong>N\u00b05 (1983)<\/strong> La Meuni\u00e8re des Artifices, Jean Bollin et Willy Fellay, 8 p. <a href=\"http:\/\/doc.rero.ch\/record\/22155\/files\/BCV_N_1331_5.pdf\" target=\"_blank\" rel=\"noopener noreferrer\">[lire]<\/a><\/li>\n<li><strong>N\u00b04 (1982)<\/strong> La maison Louis Moret nagu\u00e8re Luy, Ga\u00ebtan Cassina, 8 p. <a href=\"http:\/\/doc.rero.ch\/record\/22154\/files\/BCV_N_1331_4.pdf\" target=\"_blank\" rel=\"noopener noreferrer\">[lire]<\/a><\/li>\n<li><strong>N\u00b03 (1981)<\/strong> Quelques gravures anciennes de Martigny, Daniel Anet, 8 p. <a href=\"http:\/\/doc.rero.ch\/record\/22153\/files\/BCV_N_1331_3.pdf\" target=\"_blank\" rel=\"noopener noreferrer\">[lire]<\/a><\/li>\n<li><strong>N\u00b02 (1978)<\/strong> Martigny-Bourg\u00a0: un tr\u00e9sor en partie cach\u00e9, F. O. Dubuis, 8 p. <a href=\"http:\/\/doc.rero.ch\/record\/22152\/files\/BCV_N_1331_2.pdf\" target=\"_blank\" rel=\"noopener noreferrer\">[lire]<\/a><\/li>\n<li><strong>N\u00b01 (1977)<\/strong> La Grand-Maison, Ga\u00ebtan Cassin, 8 p <a href=\"http:\/\/doc.rero.ch\/record\/22151\/files\/BCV_N_1331_1.pdf\" target=\"_blank\" rel=\"noopener noreferrer\">[lire]<\/a><\/li>\n<\/ul>\n","protected":false},"excerpt":{"rendered":"<p>Depuis 1977, notre association publie r\u00e9guli\u00e8rement des recherches sur diff\u00e9rents aspects patrimoniaux de Martigny. D\u2019abord intitul\u00e9s \u00ab\u00a0Bulletins du Vieux-Martigny\u00a0\u00bb, puis d\u00e8s 2001 \u00ab\u00a0Cahiers de Patrimoines de Martigny\u00a0\u00bb, les bulletins sont imprim\u00e9s au format 21 x 15 cm, puis 21 x 21 cm d\u00e8s 2000. Ils sont tous illustr\u00e9s. Tous les titres ci-dessous, \u00e0 l\u2019exception de&#8230;<\/p>\n","protected":false},"author":1,"featured_media":0,"parent":361,"menu_order":0,"comment_status":"closed","ping_status":"open","template":"","meta":{"_seopress_robots_primary_cat":"","_seopress_titles_title":"","_seopress_titles_desc":"","_seopress_robots_index":"","_seopress_analysis_target_kw":"","footnotes":""},"class_list":["post-389","page","type-page","status-publish","hentry"],"jetpack_sharing_enabled":true,"_links":{"self":[{"href":"https:\/\/patrimoinesdemartigny.ch\/wordpress\/wp-json\/wp\/v2\/pages\/389","targetHints":{"allow":["GET"]}}],"collection":[{"href":"https:\/\/patrimoinesdemartigny.ch\/wordpress\/wp-json\/wp\/v2\/pages"}],"about":[{"href":"https:\/\/patrimoinesdemartigny.ch\/wordpress\/wp-json\/wp\/v2\/types\/page"}],"author":[{"embeddable":true,"href":"https:\/\/patrimoinesdemartigny.ch\/wordpress\/wp-json\/wp\/v2\/users\/1"}],"replies":[{"embeddable":true,"href":"https:\/\/patrimoinesdemartigny.ch\/wordpress\/wp-json\/wp\/v2\/comments?post=389"}],"version-history":[{"count":20,"href":"https:\/\/patrimoinesdemartigny.ch\/wordpress\/wp-json\/wp\/v2\/pages\/389\/revisions"}],"predecessor-version":[{"id":1374,"href":"https:\/\/patrimoinesdemartigny.ch\/wordpress\/wp-json\/wp\/v2\/pages\/389\/revisions\/1374"}],"up":[{"embeddable":true,"href":"https:\/\/patrimoinesdemartigny.ch\/wordpress\/wp-json\/wp\/v2\/pages\/361"}],"wp:attachment":[{"href":"https:\/\/patrimoinesdemartigny.ch\/wordpress\/wp-json\/wp\/v2\/media?parent=389"}],"curies":[{"name":"wp","href":"https:\/\/api.w.org\/{rel}","templated":true}]}}